{"id":890,"date":"2025-11-22T11:01:55","date_gmt":"2025-11-22T10:01:55","guid":{"rendered":"https:\/\/boutiquecollectifnemesis.com\/?post_type=product&#038;p=890"},"modified":"2026-04-14T02:38:39","modified_gmt":"2026-04-14T00:38:39","slug":"chaussettes-nemesis","status":"publish","type":"product","link":"https:\/\/boutiquecollectifnemesis.com\/?product=chaussettes-nemesis","title":{"rendered":"Chaussettes N\u00e9m\u00e9sis"},"content":{"rendered":"<p>De jolies chaussettes pour nous soutenir discr\u00e8tement<\/p>\n","protected":false},"excerpt":{"rendered":"<p>De jolies chaussettes pour nous soutenir discr\u00e8tement<\/p>\n","protected":false},"featured_media":891,"comment_status":"open","ping_status":"closed","template":"","meta":[],"product_brand":[],"product_cat":[15],"product_tag":[],"class_list":{"0":"post-890","1":"product","2":"type-product","3":"status-publish","4":"has-post-thumbnail","6":"product_cat-non-classe","8":"first","9":"instock","10":"purchasable","11":"product-type-simple"},"_links":{"self":[{"href":"https:\/\/boutiquecollectifnemesis.com\/index.php?rest_route=\/wp\/v2\/product\/890","targetHints":{"allow":["GET"]}}],"collection":[{"href":"https:\/\/boutiquecollectifnemesis.com\/index.php?rest_route=\/wp\/v2\/product"}],"about":[{"href":"https:\/\/boutiquecollectifnemesis.com\/index.php?rest_route=\/wp\/v2\/types\/product"}],"replies":[{"embeddable":true,"href":"https:\/\/boutiquecollectifnemesis.com\/index.php?rest_route=%2Fwp%2Fv2%2Fcomments&post=890"}],"wp:featuredmedia":[{"embeddable":true,"href":"https:\/\/boutiquecollectifnemesis.com\/index.php?rest_route=\/wp\/v2\/media\/891"}],"wp:attachment":[{"href":"https:\/\/boutiquecollectifnemesis.com\/index.php?rest_route=%2Fwp%2Fv2%2Fmedia&parent=890"}],"wp:term":[{"taxonomy":"product_brand","embeddable":true,"href":"https:\/\/boutiquecollectifnemesis.com\/index.php?rest_route=%2Fwp%2Fv2%2Fproduct_brand&post=890"},{"taxonomy":"product_cat","embeddable":true,"href":"https:\/\/boutiquecollectifnemesis.com\/index.php?rest_route=%2Fwp%2Fv2%2Fproduct_cat&post=890"},{"taxonomy":"product_tag","embeddable":true,"href":"https:\/\/boutiquecollectifnemesis.com\/index.php?rest_route=%2Fwp%2Fv2%2Fproduct_tag&post=890"}],"curies":[{"name":"wp","href":"https:\/\/api.w.org\/{rel}","templated":true}]}}