{"id":210,"date":"2025-01-21T13:29:16","date_gmt":"2025-01-21T12:29:16","guid":{"rendered":"http:\/\/18.118.116.133\/?post_type=product&#038;p=210"},"modified":"2026-04-01T07:42:15","modified_gmt":"2026-04-01T05:42:15","slug":"bonnet","status":"publish","type":"product","link":"https:\/\/boutiquecollectifnemesis.com\/?product=bonnet","title":{"rendered":"Sweat-shirt \u00ab\u00a0European Sisterhood\u00a0\u00bb"},"content":{"rendered":"<p>European sisterhood, c\u2019est l&rsquo;alliance de femmes enracin\u00e9e dans l\u2019identit\u00e9 europ\u00e9enne, unies pour d\u00e9fendre notre droit fondamental \u00e0 vivre libres, en s\u00e9curit\u00e9, et respect\u00e9es.<\/p>\n<p>Pour nos m\u00e8res, nos filles, nos soeurs.<\/p>\n<p>Sweat-shirt chaud et confortable: 70% coton, 30% polyester.<\/p>\n<p>Disponible en plusieurs tailles<\/p>\n<p>&nbsp;<\/p>\n","protected":false},"excerpt":{"rendered":"<p>European sisterhood, c\u2019est l&rsquo;alliance de femmes enracin\u00e9e dans l\u2019identit\u00e9 europ\u00e9enne, unies pour d\u00e9fendre notre droit fondamental \u00e0 vivre libres, en s\u00e9curit\u00e9, et respect\u00e9es. Pour nos m\u00e8res, nos filles, nos soeurs. &#8230;<\/p>\n","protected":false},"featured_media":274,"comment_status":"open","ping_status":"closed","template":"","meta":[],"product_brand":[],"product_cat":[33],"product_tag":[],"class_list":{"0":"post-210","1":"product","2":"type-product","3":"status-publish","4":"has-post-thumbnail","6":"product_cat-femmes","8":"first","9":"instock","10":"purchasable","11":"product-type-variable"},"_links":{"self":[{"href":"https:\/\/boutiquecollectifnemesis.com\/index.php?rest_route=\/wp\/v2\/product\/210","targetHints":{"allow":["GET"]}}],"collection":[{"href":"https:\/\/boutiquecollectifnemesis.com\/index.php?rest_route=\/wp\/v2\/product"}],"about":[{"href":"https:\/\/boutiquecollectifnemesis.com\/index.php?rest_route=\/wp\/v2\/types\/product"}],"replies":[{"embeddable":true,"href":"https:\/\/boutiquecollectifnemesis.com\/index.php?rest_route=%2Fwp%2Fv2%2Fcomments&post=210"}],"wp:featuredmedia":[{"embeddable":true,"href":"https:\/\/boutiquecollectifnemesis.com\/index.php?rest_route=\/wp\/v2\/media\/274"}],"wp:attachment":[{"href":"https:\/\/boutiquecollectifnemesis.com\/index.php?rest_route=%2Fwp%2Fv2%2Fmedia&parent=210"}],"wp:term":[{"taxonomy":"product_brand","embeddable":true,"href":"https:\/\/boutiquecollectifnemesis.com\/index.php?rest_route=%2Fwp%2Fv2%2Fproduct_brand&post=210"},{"taxonomy":"product_cat","embeddable":true,"href":"https:\/\/boutiquecollectifnemesis.com\/index.php?rest_route=%2Fwp%2Fv2%2Fproduct_cat&post=210"},{"taxonomy":"product_tag","embeddable":true,"href":"https:\/\/boutiquecollectifnemesis.com\/index.php?rest_route=%2Fwp%2Fv2%2Fproduct_tag&post=210"}],"curies":[{"name":"wp","href":"https:\/\/api.w.org\/{rel}","templated":true}]}}